{"id":2,"date":"2016-02-03T04:08:41","date_gmt":"2016-02-03T03:08:41","guid":{"rendered":"http:\/\/wp442m.a10-52-158-154.qa.plesk.ru\/wordpress\/?page_id=2"},"modified":"2024-09-15T17:11:37","modified_gmt":"2024-09-15T15:11:37","slug":"ueber-mich","status":"publish","type":"page","link":"https:\/\/artemys.de\/kunstgeschichten\/ueber-mich\/","title":{"rendered":"\u00fcber mich"},"content":{"rendered":"<p><img loading=\"lazy\" decoding=\"async\" class=\"size-thumbnail wp-image-105 alignnone\" src=\"https:\/\/artemys.de\/kunstgeschichten\/wp-content\/uploads\/2016\/02\/IMG_1565-sw-150x150.jpg\" alt=\"IMG_1565-sw\" width=\"150\" height=\"150\" \/><\/p>\n<p>Mein Name ist Angela Richter. Artemys ist mein Pseudonym, das ich bei den meisten meiner Bilder als Signatur benutze.<\/p>\n<p>Ich bin 1957 in Bremen geboren und lebe mit meiner Familie seit 1987 in Willich am Niederrhein. Als ausgebildete Grafikerin und Illustratorin war ich \u00fcber 20 Jahre in der Pressestelle der <a href=\"https:\/\/kindernothilfe.de\" target=\"_blank\" rel=\"noopener\">Kindernothilfe<\/a> t\u00e4tig. Meine Leidenschaft geh\u00f6rt aber der Kunst, insbesondere der Malerei. Ich finde es immer wieder faszinierend wie aus Linien und Fl\u00e4chen, aus zweidimensionalen Formen und Farbe, f\u00fcr unser Auge eine Figur oder Szene mit r\u00e4umlicher Tiefe entsteht.<\/p>\n<p>Der Phantastische Realismus und der Symbolismus sind die von mir bevorzugten Stilrichtungen. Diese erm\u00f6glichen mir, meine Gedanken und Ideen zum Zeitgeschehen oder pers\u00f6nlichen Ereignissen zu visualisieren. Gerne arbeite ich in Schichtmalerei mit \u00d6l- und Acrylfarben. Diese Schichtmalerei ist zwar an die altmeisterliche Art und Weise angelehnt, aber durch eine meist expressive und intuitiv angelegte Acryluntermalung kommen auch Elemente des Zufalls mit hinein. Aber nicht nur die von mir benutzte Technik der Schichtmalerei hat verschiedene Ebenen. Auch die Bedeutung der dargestellten Elemente und Szenen ist meistens vielschichtig. Oft befinden sich unter der ersten, plakativen Ebene, weitere Gedanken oder Deutungsm\u00f6glichkeiten.<\/p>\n<p>Seit ein paar Jahren sind auch einige Skulpturen entstanden. Hier arbeite ich sehr gerne mit Formmassen wie Gips, Crealin (eine Laminatmasse) oder Stoneart (auf Stoff- und Zellulosebasis).<\/p>\n<p>Einige Entstehungsprozesse stelle ich auf diesen Seiten vor. Auch die eine oder andere von mit verfasste Kurzgeschichte und diverse Haikus (eine japanische Gedichtsform) pr\u00e4sentiere ich an dieser Stelle.<\/p>\n<p>Einen Gro\u00dfteil meiner Werke sind in meiner Online-Galerie zu finden.<\/p>\n<p><em>Angela Richter<\/em><\/p>\n<hr \/>\n<h6>K\u00fcnstlerische Ausbildung:<\/h6>\n<p>1997-1998 \u2013 3 Semester Portr\u00e4tzeichnen bei Ulrich Helbig<br \/>\n2004 \u2013 Aktzeichnen bei Bernd Kitzel, Museum Abteiberg (Mg)<br \/>\n2006-2008 \u2013 3 Jahre Malerei und Grafik an der Freien Akademie Rhein\/Ruhr<br \/>\nbei Petra Fr\u00f6ning u. Veit J. Stratmann<\/p>\n<h6>Ausstellungen:<\/h6>\n<p>1998 \u2013 Copart\u201898 \u2013 im Polizeipr\u00e4sidium D\u00fcsseldorf<br \/>\n1999 \u2013 \u201eZeitenwende\u201c, Musik, Kunst und Literatur im Dialog, (Willicher Kirchenmusikwochen)<br \/>\n2009: September \u2013 \u201e<a href=\"https:\/\/artemys.de\/kunstgeschichten\/grenzwerte-limites-september-2009-in-den-anciennes-ecuries-in-roncq\/\">Grenzwerte<\/a>\u201c, Einzelausstellung in Roncq (Frankreich)<br \/>\npermanent: Willich, Friedenskirche (Neersen) \u2013 Triptychon zur Offenbarung des Johannes<br \/>\n2016\/17: Oktober bis Januar, \u201e<a href=\"https:\/\/artemys.de\/kunstgeschichten\/kontraste-oktober-bis-dezember-2016\/\">Kontraste<\/a>\u201c, gemeinsame Ausstellung mit<br \/>\nKarstjen Sch\u00fcffler-Rohde in Grefrath\/Oedt<\/p>\n<p>Mitglied der <a href=\"https:\/\/kuenstlergilde-neersen.de\/\" target=\"_blank\" rel=\"noopener\">K\u00fcnstlergilde Neersen<\/a> seit 1998 und seit dem j\u00e4hrliche Ausstellungen mit der Selbigen.<\/p>\n<h6>Ver\u00f6ffentlichungen:<\/h6>\n<p>2007 \u2013 Illustrationen im Kinderbuch \u201eFelaminth\u201c<br \/>\n2011 \u2013 Abdruck im Unterrichtsmaterial beim Calwer Verlag<br \/>\nseit 2015 2 Kalender beim Calvendo-Verlag im Selfpublishing<\/p>\n","protected":false},"excerpt":{"rendered":"<p>Mein Name ist Angela Richter. Artemys ist mein Pseudonym, das ich bei den meisten meiner Bilder als Signatur benutze. Ich bin 1957 in Bremen geboren und lebe mit meiner Familie seit 1987 in Willich am Niederrhein. Als ausgebildete Grafikerin und <a class=\"more-link\" href=\"https:\/\/artemys.de\/kunstgeschichten\/ueber-mich\/\">weiterlesen \u2192<\/a><\/p>\n","protected":false},"author":1,"featured_media":0,"parent":0,"menu_order":0,"comment_status":"closed","ping_status":"closed","template":"","meta":{"footnotes":""},"class_list":["post-2","page","type-page","status-publish","hentry"],"_links":{"self":[{"href":"https:\/\/artemys.de\/kunstgeschichten\/wp-json\/wp\/v2\/pages\/2","targetHints":{"allow":["GET"]}}],"collection":[{"href":"https:\/\/artemys.de\/kunstgeschichten\/wp-json\/wp\/v2\/pages"}],"about":[{"href":"https:\/\/artemys.de\/kunstgeschichten\/wp-json\/wp\/v2\/types\/page"}],"author":[{"embeddable":true,"href":"https:\/\/artemys.de\/kunstgeschichten\/wp-json\/wp\/v2\/users\/1"}],"replies":[{"embeddable":true,"href":"https:\/\/artemys.de\/kunstgeschichten\/wp-json\/wp\/v2\/comments?post=2"}],"version-history":[{"count":10,"href":"https:\/\/artemys.de\/kunstgeschichten\/wp-json\/wp\/v2\/pages\/2\/revisions"}],"predecessor-version":[{"id":338,"href":"https:\/\/artemys.de\/kunstgeschichten\/wp-json\/wp\/v2\/pages\/2\/revisions\/338"}],"wp:attachment":[{"href":"https:\/\/artemys.de\/kunstgeschichten\/wp-json\/wp\/v2\/media?parent=2"}],"curies":[{"name":"wp","href":"https:\/\/api.w.org\/{rel}","templated":true}]}}

über mich

<p><img loading="lazy" decoding="async" class="size-thumbnail wp-image-105 alignnone" src="https://artemys.de/kunstgeschichten/wp-content/uploads/2016/02/IMG_1565-sw-150x150.jpg" alt="IMG_1565-sw" width="150" height="150" /></p>
<p>Mein Name ist Angela Richter. Artemys ist mein Pseudonym, das ich bei den meisten meiner Bilder als Signatur benutze.</p>
<p>Ich bin 1957 in Bremen geboren und lebe mit meiner Familie seit 1987 in Willich am Niederrhein. Als ausgebildete Grafikerin und Illustratorin war ich über 20 Jahre in der Pressestelle der <a href="https://kindernothilfe.de" target="_blank" rel="noopener">Kindernothilfe</a> tätig. Meine Leidenschaft gehört aber der Kunst, insbesondere der Malerei. Ich finde es immer wieder faszinierend wie aus Linien und Flächen, aus zweidimensionalen Formen und Farbe, für unser Auge eine Figur oder Szene mit räumlicher Tiefe entsteht.</p>
<p>Der Phantastische Realismus und der Symbolismus sind die von mir bevorzugten Stilrichtungen. Diese ermöglichen mir, meine Gedanken und Ideen zum Zeitgeschehen oder persönlichen Ereignissen zu visualisieren. Gerne arbeite ich in Schichtmalerei mit Öl- und Acrylfarben. Diese Schichtmalerei ist zwar an die altmeisterliche Art und Weise angelehnt, aber durch eine meist expressive und intuitiv angelegte Acryluntermalung kommen auch Elemente des Zufalls mit hinein. Aber nicht nur die von mir benutzte Technik der Schichtmalerei hat verschiedene Ebenen. Auch die Bedeutung der dargestellten Elemente und Szenen ist meistens vielschichtig. Oft befinden sich unter der ersten, plakativen Ebene, weitere Gedanken oder Deutungsmöglichkeiten.</p>
<p>Seit ein paar Jahren sind auch einige Skulpturen entstanden. Hier arbeite ich sehr gerne mit Formmassen wie Gips, Crealin (eine Laminatmasse) oder Stoneart (auf Stoff- und Zellulosebasis).</p>
<p>Einige Entstehungsprozesse stelle ich auf diesen Seiten vor. Auch die eine oder andere von mit verfasste Kurzgeschichte und diverse Haikus (eine japanische Gedichtsform) präsentiere ich an dieser Stelle.</p>
<p>Einen Großteil meiner Werke sind in meiner Online-Galerie zu finden.</p>
<p><em>Angela Richter</em></p>
<hr />
<h6>Künstlerische Ausbildung:</h6>
<p>1997-1998 – 3 Semester Porträtzeichnen bei Ulrich Helbig<br />
2004 – Aktzeichnen bei Bernd Kitzel, Museum Abteiberg (Mg)<br />
2006-2008 – 3 Jahre Malerei und Grafik an der Freien Akademie Rhein/Ruhr<br />
bei Petra Fröning u. Veit J. Stratmann</p>
<h6>Ausstellungen:</h6>
<p>1998 – Copart‘98 – im Polizeipräsidium Düsseldorf<br />
1999 – „Zeitenwende“, Musik, Kunst und Literatur im Dialog, (Willicher Kirchenmusikwochen)<br />
2009: September – „<a href="https://artemys.de/kunstgeschichten/grenzwerte-limites-september-2009-in-den-anciennes-ecuries-in-roncq/">Grenzwerte</a>“, Einzelausstellung in Roncq (Frankreich)<br />
permanent: Willich, Friedenskirche (Neersen) – Triptychon zur Offenbarung des Johannes<br />
2016/17: Oktober bis Januar, „<a href="https://artemys.de/kunstgeschichten/kontraste-oktober-bis-dezember-2016/">Kontraste</a>“, gemeinsame Ausstellung mit<br />
Karstjen Schüffler-Rohde in Grefrath/Oedt</p>
<p>Mitglied der <a href="https://kuenstlergilde-neersen.de/" target="_blank" rel="noopener">Künstlergilde Neersen</a> seit 1998 und seit dem jährliche Ausstellungen mit der Selbigen.</p>
<h6>Veröffentlichungen:</h6>
<p>2007 – Illustrationen im Kinderbuch „Felaminth“<br />
2011 – Abdruck im Unterrichtsmaterial beim Calwer Verlag<br />
seit 2015 2 Kalender beim Calvendo-Verlag im Selfpublishing</p>
